t n(l) = -77*l + 1751. Calculate n(2).
1597
Let x(l) = -3*l**3 - 578*l**2 - 952*l + 573. What is x(-191)?
0
Let a(d) = 20*d**2 - 153*d - 63. Give a(8).
-7
Let x(o) = o**3 + 35*o**2 + 244*o + 5971. Determine x(-33).
97
Let z(k) = 70*k**2 + 3033*k + 5781. Give z(-2).
-5
Let x(w) = 595284*w - 595286. Give x(1).
-2
Let g(m) = -1326*m + 5573. Give g(4).
269
Let w(t) = 7*t**3 - 533*t**2 + 597*t + 315. Calculate w(75).
90
Let r(u) = -3729*u + 268379. Give r(72).
-109
Let q(y) = 15*y**2 - 38*y - 367. What is q(-7)?
634
Let k(v) = -44*v - 1348. Determine k(-16).
-644
Let m(i) = -20*i**2 - 3789*i + 11383. Determine m(3).
-164
Let b(q) = -432*q - 22495. What is b(-54)?
833
Let p(a) = 1587*a - 35337. What is p(22)?
-423
Let l(a) = -48251*a + 337698. Determine l(7).
-59
Let c(t) = 5*t**2 + 193*t - 166. Give c(2).
240
Let d(j) = -j**2 - 22829*j - 91302. Determine d(-4).
-2
Let o(x) = -245072*x - 5636649. Calculate o(-23).
7
Let i(d) = 22*d**3 + 5171*d**2 + 239*d + 902. Calculate i(-235).
-38
Let a(o) = -o**3 + 8*o**2 + 3974*o - 39608. What is a(10)?
-68
Let m(y) = 119*y**2 - 768*y + 2. Give m(1).
-647
Let n(q) = q**3 + 49*q**2 + 234*q + 11470. Determine n(-49).
4
Let c(d) = d**3 - 455*d**2 - 4182*d - 70. Give c(-9).
-16
Let f(v) = -42*v**2 - 138*v - 2. Calculate f(-5).
-362
Let a(y) = 2*y**3 - 159*y**2 + 1752*y - 74. Determine a(14).
-1222
Let y(r) = -r**3 + 51*r**2 + 131*r - 3791. Give y(52).
317
Let d(u) = u**3 - 18*u**2 - 43*u + 32. Determine d(-3).
-28
Let b(w) = -374044*w - 2244287. Calculate b(-6).
-23
Let y(s) = 16*s**3 - 3*s**2 + 72*s + 298. Calculate y(-4).
-1062
Let g(k) = -2*k**3 - 138*k**2 + 7290*k - 321. Calculate g(35).
29
Let u(s) = -8149*s + 244477. What is u(30)?
7
Let f(v) = 994*v - 19. What is f(1)?
975
Let u(d) = -144*d**3 - 3*d**2 - 646*d + 647. Calculate u(1).
-146
Let m(d) = 1194*d + 111037. Give m(-93).
-5
Let x(o) = 4*o**2 - 3171*o - 35576. What is x(-11)?
-211
Let y(d) = 4*d**2 - 408*d - 1321. Calculate y(105).
-61
Let y(l) = 2*l**2 - 4350*l + 30399. What is y(7)?
47
Let i(t) = -175*t + 6162. Determine i(49).
-2413
Let c(y) = -1642*y - 665018. What is c(-405)?
-8
Let t(i) = 5*i**2 - 814*i + 9808. Calculate t(150).
208
Let l(v) = -23*v**2 - 610*v + 2806. What is l(4)?
-2
Let y(c) = -9023*c + 181. Calculate y(0).
181
Let p(n) = n**3 + 172*n**2 + 909*n + 39819. Determine p(-168).
3
Let z(l) = l**3 + 149*l**2 + 5550*l + 95. What is z(-81)?
-3307
Let t(r) = 9632*r + 87343. Give t(-9).
655
Let c(m) = -261*m**2 - 2042*m + 375. Calculate c(-8).
7
Let d(f) = -5*f**2 - 193*f + 28816. What is d(59)?
24
Let d(k) = -35804*k + 5. Calculate d(0).
5
Let j(f) = 3*f**2 + 1209*f + 108147. Determine j(-134).
9
Let b(v) = 82*v**2 - 1943*v - 487. Determine b(24).
113
Let x(h) = -h**2 - 17651*h - 33872862. Calculate x(-2191).
-2
Let l(v) = -11486*v - 8511125. What is l(-741)?
1
Let d(s) = 68404*s + 273504. What is d(-4)?
-112
Let d(o) = 12*o**3 - 1283*o**2 - 128*o + 2234. Calculate d(107).
-13
Let j(i) = -536*i + 4591. Determine j(8).
303
Let v(x) = -x**3 + 3*x**2 + 31*x + 31. What is v(-10)?
1021
Let h(s) = s**3 + 17*s**2 - 1377*s - 10231. What is h(-7)?
-102
Let q(z) = -409*z**2 - 2051*z + 14. Give q(-5).
44
Let b(v) = 2*v**3 + 721*v**2 - 2037*v - 80677. Determine b(-363).
-91
Let p(g) = -1028*g + 380321. Give p(370).
-39
Let m(j) = -3*j**3 + 533*j**2 + 345*j - 29613. Calculate m(178).
113
Let c(n) = -6725*n + 33062. Calculate c(5).
-563
Let a(r) = r**2 - 7982*r - 466190. Give a(-58).
130
Let l(i) = 44118*i**2 - 352936*i - 40. Give l(8).
24
Let y(a) = a**3 + 7*a**2 - 370*a + 2636. Give y(7).
732
Let m(n) = 615*n**2 + 6163*n + 33. What is m(-10)?
-97
Let a(z) = -5619*z - 231. What is a(-1)?
5388
Let c(u) = -295*u - 43747. Give c(-149).
208
Let j(v) = -1289*v - 13805. Give j(-11).
374
Let w(a) = a**3 + 88*a**2 + 172*a + 6. Give w(-86).
6
Let b(u) = -u**3 + 30*u**2 - 6*u + 1213. Calculate b(32).
-1027
Let z(l) = l**3 + 963*l**2 - 57075*l + 638. Determine z(56).
22
Let g(o) = o**3 - 88*o**2 + 1926*o + 73. Give g(47).
26
Let i(f) = -7895*f + 3963289. What is i(502)?
-1
Let z(j) = 512*j + 51181. What is z(-100)?
-19
Let u(w) = -2*w**3 - 343*w**2 + 404*w + 39902. Calculate u(-172).
-2
Let p(b) = -35*b**3 + 188*b**2 - 28*b + 7. What is p(5)?
192
Let b(t) = t**2 + 608*t + 45769. What is b(-88)?
9
Let f(r) = -16*r**3 + 430*r**2 + 33*r + 21. Determine f(27).
-546
Let x(c) = -7*c**2 - 564*c - 334. Calculate x(-78).
1070
Let n(v) = 3714*v + 85280. Give n(-23).
-142
Let o(q) = -q**3 + 13*q**2 + 1154*q - 396. Determine o(41).
-150
Let t(k) = 2654*k + 62882. Calculate t(-24).
-814
Let j(y) = 5283*y - 718509. Calculate j(136).
-21
Let i(g) = 5*g**2 - 167*g + 1460. Calculate i(9).
362
Let v(m) = 1383*m**2 + 33204*m + 289. Determine v(-24).
1
Let c(v) = -13*v**2 - 160*v - 15. Give c(-13).
-132
Let c(p) = -p**2 - 1763*p + 35594. Determine c(20).
-66
Let w(n) = n**3 - 66*n**2 - 2257*n + 562. Give w(-25).
112
Let l(z) = 3*z**3 + 57*z**2 + 172*z - 534. Give l(-14).
-2
Let f(k) = -7*k**3 - 46*k**2 - 2*k - 176. What is f(-7)?
-15
Let z(u) = -u**3 + 183*u**2 + 7413*u + 1184. Give z(-34).
-6
Let d(b) = b**3 - 102*b**2 + 781*b + 61397. Give d(84).
-7
Let p(b) = -609*b - 117529. Give p(-193).
8
Let o(c) = -2*c**3 + 102*c**2 + 547*c + 107. Determine o(-5).
172
Let q(x) = 28*x**3 - 10*x**2 + 71*x - 53. Give q(2).
273
Let k(g) = -g**2 + 4218*g - 67252. What is k(16)?
-20
Let l(q) = 805*q - 73244. Give l(91).
11
Let r(i) = -i**2 - 357*i + 27854. Give r(66).
-64
Let m(j) = -128935*j + 6317813. Give m(49).
-2
Let s(c) = 82*c**2 + 101872*c + 34766. Give s(-1242).
-10
Let u(o) = -2*o**3 + 73*o**2 - 548*o + 940. Calculate u(27).
-5
Let k(o) = -19*o**3 + 820*o**2 - 130*o + 34. Calculate k(43).
-9
Let o(x) = 34384*x - 178. Calculate o(0).
-178
Let d(t) = 8*t**2 + 324*t - 19181. What is d(-73)?
-201
Let o(q) = -877*q - 11397. Give o(-13).
4
Let u(q) = q**2 - 68*q - 23256. Determine u(190).
-76
Let l(x) = x**3 - 63*x**2 - 155*x + 16876. Determine l(61).
-21
Let q(r) = 2644*r - 20283. Give q(8).
869
Let f(g) = -2*g**3 + 373*g**2 + 102*g + 15542. What is f(187)?
-353
Let j(s) = -2902*s + 145100. Determine j(50).
0
Let m(f) = f**3 + 8*f**2 + 27*f + 117. Calculate m(-9).
-207
Let l(a) = a**2 + 149*a + 2324. Calculate l(-11).
806
Let u(d) = d**3 + 309*d**2 + 14176*d + 420. Determine u(-56).
-28
Let w(i) = 159*i**2 + 327*i + 12. Calculate w(-2).
-6
Let c(a) = a**3 + 84*a**2 - 509*a - 41399. Calculate c(-84).
1357
Let a(b) = -201*b**2 + 3624*b - 9150. What is a(15)?
-15
Let j(r) = 296*r - 27962. Determine j(91).
-1026
Let r(u) = -u**3 + 93*u**2 - 983*u + 101220. Give r(94).
-18
Let q(f) = -3*f**3 - 17*f**2 - 518*f - 2851. Determine q(-6).
293
Let n(r) = 243018*r - 486066. What is n(2)?
-30
Let i(m) = -m**3 + 21*m**2 + 26*m - 22. Determine i(22).
66
Let z(y) = 82838*y - 745583. Determine z(9).
-41
Let w(n) = 27*n**3 - 702*n**2 - 11*n + 258. Calculate w(26).
-28
Let l(c) = -c**3 + 29*c**2 + 3588*c - 104140. Give l(29).
-88
Let x(z) = -z**3 + 686*z**2 - 42*z - 76. Give x(0).
-76
Let z(m) = 2*m**3 - 12*m**2 - 48*m + 369. Calculate z(11).
1051
Let b(z) = 4*z**2 - 340*z + 969. What is b(82)?
-15
Let n(p) = 113*p**2 + 27*p + 35. Give n(-3).
971
Let l(t) = -1050*t + 4472. Determine l(5).
-778
Let y(h) = 20*h**2 + 2417*h + 11568. Give y(-5).
-17
Let c(g) = 92*g**2 + 134*g + 317. Calculate c(-3).
743
Let m(z) = -3*z**3 - 99*z**2 + 629*z - 427. Determine m(6).
-865
Let q(g) = 2200*g - 162801. Determine q(74).
-1
Let w(s) = -2*s**2 + 60682*s - 2303027. Give w(38).
1
Let p(z) = 18*z**2 + 632*z + 5007. Determine p(-12).
15
Let w(h) = 36*h**2 + 23137*h + 23139. Calculate w(-1).
38
Let b(v) = 76*v - 204. Give b(-15).
-1344
Let y(x) = 11*x**2 + 241*x + 101. What is y(-22)?
123
Let b(w) = 4385*w - 17233. Determine b(4).
307
Let j(b) = 53*b - 523. Give j(9).
-46
Let q(o) = o**3 - 101*o**2 - 1595*o + 169597. What is q(100)?
97
Let f(s) = s**3 + 3*s**2 - 930*s - 1920. Calculate f(-31).
2
Let n(m) = 2*m**2 + 377*m + 11534. Determine n(-150).
-16
Let j(s) = -13366*s - 227208. Determine j(-17).
14
Let t(z) = z**2 + 923*z + 97040. Determine t(-121).
-2
Let o(g) = -g**3 + 103*g**2 + 2754*g - 540. Calculate o(125).
-40
Let m(k) = 18*k**2 + 251*k + 876. What is m(-7)?
1
Let j(y) = -4*y**2 - 3177*y - 15854. Determine j(-5).